e 4) to base 15
7ce3d3
Convert -1110111010110011 (base 2) to base 10.
-61107
Convert 66113 (base 15) to base 7.
2520213
-4bab2 (base 13) to base 15
-2b84b
What is -666307 (base 11) in base 7?
-12013456
Convert 236feb (base 16) to base 9.
4328666
Convert -13220031232 (base 4) to base 12.
-8052ba
-4761725 (base 8) to base 13
-36840c
24236265 (base 9) to base 6
1101351222
Convert -1221211022110 (base 3) to base 12.
-421886
52102221 (base 7) to base 15
5b4ee9
-c92cb (base 14) to base 4
-1312231303
1642556 (base 7) to base 6
4524255
-692196 (base 12) to base 13
-46c26c
Convert -5f6b7 (base 16) to base 15.
-7ac0e
132414022 (base 5) to base 14
1361b1
1822779 (base 10) to base 7
21331140
-3a6c9 (base 13) to base 8
-324440
What is 49333 (base 11) in base 4?
101110132
-1401627 (base 9) to base 10
-768877
-1334343 (base 6) to base 16
-12477
Convert 1000001011110101110011 (base 2) to base 14.
3dbd2b
Convert -11001011010001101 (base 2) to base 9.
-167681
16b94 (base 16) to base 7
535234
-3b3455 (base 12) to base 13
-284339
What is -10010100101000101010 (base 2) in base 12?
-2543a2
Convert -29752b3 (base 12) to base 13.
-196ba02
What is -21a457 (base 13) in base 10?
-793865
-1916447 (base 10) to base 9
-3540775
What is -104059 (base 12) in base 13?
-8c58c
370780b (base 12) to base 6
1021341215
Convert -1102212122212 (base 3) to base 14.
-15cc15
Convert 103954 (base 10) to base 14.
29c54
What is 84e9 (base 16) in base 10?
34025
Convert -22200011021 (base 3) to base 8.
-515315
What is -152143 (base 6) in base 16?
-399f
What is 1aa12a (base 11) in base 14?
84d52
Convert -1434 (base 16) to base 10.
-5172
-303130 (base 9) to base 3
-100010011000
116761 (base 8) to base 11
28418
-1654502 (base 7) to base 6
-4550335
What is 92cc4 (base 16) in base 13?
1808b8
What is -2177a (base 11) in base 5?
-2002142
What is 210321001 (base 4) in base 2?
100100111001000001
What is -13003331 (base 6) in base 10?
-420679
Convert c5225 (base 14) to base 11.
2a4a83
What is -343422 (base 9) in base 4?
-302101202
-12001001020 (base 3) to base 4
-120031221
What is 4122368 (base 9) in base 13?
5c02c7
Convert -112674 (base 13) to base 8.
-1427555
6462 (base 15) to base 3
1002010202
1b8dac (base 15) to base 6
44505013
Convert 1c2513 (base 13) to base 16.
af9b0
Convert 1104224310 (base 5) to base 12.
985222
Convert -1720314 (base 11) to base 5.
-1222203303
3401564 (base 9) to base 7
21366160
Convert -1011001010111011 (base 2) to base 6.
-551455
Convert -2667d (base 15) to base 13.
-43c81
What is 101110020002221 (base 3) in base 16?
54c373
-46937 (base 13) to base 7
-1045034
-235304221 (base 7) to base 10
-14640382
-648568 (base 12) to base 6
-54031412
-10c74 (base 16) to base 14
-1b08c
What is -15565 (base 14) in base 4?
-30333111
-15235781 (base 9) to base 4
-130323020200
-24312 (base 6) to base 2
-110111110100
Convert 1110323312 (base 4) to base 12.
1493b2
-4551110 (base 11) to base 3
-112222201112020
-55503433 (base 6) to base 9
-3128403
What is 107785 (base 10) in base 9?
173761
Convert 470057 (base 9) to base 2.
1000100111000111111
Convert 102001332 (base 4) to base 5.
4330404
Convert 30470 (base 16) to base 14.
520c8
-61177 (base 14) to base 9
-385320
Convert 1437113 (base 11) to base 16.
25ad14
Convert 11011011101100011101 (base 2) to base 3.
1200201101111
Convert -545322 (base 7) to base 14.
-26b49
Convert -9bcefd (base 16) to base 13.
-216696b
What is 5666643 (base 7) in base 16?
ac554
2ca86e (base 16) to base 15
3cc287
Convert -3abc2 (base 14) to base 2.
-100011011001110110
What is -125c944 (base 13) in base 12?
-1b09a11
-144102410 (base 5) to base 15
-102d3a
9077 (base 13) to base 10
19871
Convert -2307300 (base 9) to base 3.
-2100021100000
1102001212211 (base 3) to base 6
24021034
Convert -19091 (base 12) to base 8.
-107055
-10100000000010001010 (base 2) to base 9
-1208151
What is 2b7fc5 (base 16) in base 11?
16778a8
Convert -267867a (base 11) to base 3.
-22200220002011
Convert -29658 (base 13) to base 15.
-1818c
What is 20001220021 (base 3) in base 2?
11101001010111010
What is 7c3f2 (base 16) in base 12?
206616
Convert 5a7af (base 16) to base 15.
74c22
Convert 3127287 (base 9) to base 16.
19829e
9a6a (base 11) to base 7
53450
110111101011011000100 (base 2) to base 13
4bb576
Convert 40a819 (base 11) to base 4.
2200301012
Convert 675089 (base 10) to base 16.
a4d11
What is 46466a0 (base 12) in base 13?
2a59c55
-1296022 (base 10) to base 11
-8057a2
Convert 11200022001210 (base 3) to base 4.
21132322302
-1947875 (base 12) to base 2
-10100010011010000011001
What is -1934370 (base 11) in base 5?
-1314130312
Convert -2230838 (base 9) to base 16.
-1254c2
Convert 12777323 (base 8) to base 3.
12102111010021
-162a380 (base 11) to base 12
-b213a6
What is -87b371 (base 12) in base 10?
-2155333
-1300601 (base 7) to base 2
-101001000110101101
What is 2450350 (base 7) in base 2?
1001100110101011001
Convert -100022211210 (base 3) to base 14.
-4ac9c
61781 (base 11) to base 3
11120121112
-33907a (base 12) to base 4
-3021100132
Convert -162420 (base 8) to base 11.
-4006a
Convert -1606530 (base 8) to base 5.
-104242133
What is -a9892 (base 12) in base 6?
-4445502
81857 (base 9) to base 10
53917
Convert 110263241 (base 7) to base 10.
6637520
20104242 (base 5) to base 2
100111000011001011
Convert -122303031 (base 7) to base 12.
-26b32a9
1ba56 (base 13) to base 2
1101010011011001
What is 100000110011100011101110 (base 2) in base 4?
200303203232
23413444 (base 6) to base 15
e730a
1555130 (base 6) to base 8
265736
Convert 1809505 (base 13) to base 2.
11101110100101000110000
101202222022221 (base 3) to base 15
781e7a
What is -124455 (base 8) in base 3?
-2012102001
Convert 44012334 (base 5) to base 2.
1011011110010100001
What is a533 (base 12) in base 3?
220202010
Convert 10101001110011111011 (base 2) to base 10.
695547
Convert 181317 (base 15) to base 4.
10131100333
What is 1ba3ef (base 16) in base 12?
734353
-210001200211 (base 3) to base 16
-65374
What is -114342311 (base 5) in base 16?
-84ae0
Convert 22110520 (base 7) to base 14.
377147
Convert 38719a (base 11) to base 4.
2110320210
What is 509a5 (base 12) in base 11?
71a67
c24081 (base 14) to base 4
120331013301
-1887248 (base 10) to base 7
-22020116
What is -328296 (base 12) in base 3?
-1111202101220
-521828 (base 9) to base 5
-34403040
Convert -13010113002 (base 4) to base 12.
-754316
2425251 (base 7) to base 11
1a1320
Convert 911200 (base 10) to base 8.
3363540
What is 1003323333 (base 4) in base 6?
5544143
142355 (base 7) to base 14
9d2c
201596 (base 10) to base 13
709b5
-1110010000111011100 (base 2) to base 13
-1349a5
-2664a2a (base 12) to base 9
-15260147
What is -4488a1 (base 12) in base 3?
-2001112211011
What is -1010010110101100 (base 2) in base 10?
-42412
What is -20002220001102 (base 3) in base 7?
-36405143
664ea (base 16) to base 10
419050
Convert -1011011100100111010111 (base 2) to base 11.
-176a5a2
Convert 67866 (base 10) to base 4.
100210122
What is -1a22024 (base 11) in base 4?
-31001200121
-142222414 (base 5) to base 2
-10110101001101011010
-55420342 (base 6) to base 16
-196ee6
Convert 100111100000 (base 2) to base 10.
2528
Convert -1001402 (base 9) to base 12.
-2181a8
What is 30490 (base 16) in base 15?
3d901
-72fc6 (base 16) to base 9
-787053
-9f3a (base 16) to base 15
-c127
Convert 286808 (base 10) to base 9.
476375
522 (base 15) to base 8
2205
52153145 (base 6) to base 3
2211121112102
What is 220211110221 (base 3) in base 5?
111120104
Convert 101010110100100 (base 2) to base 5.
1200144
867867 (base 9) to base 8
1762702
What is 83b8c (base 13) in base 16?
39dfe
What is -102232031 (base 4) in base 11?
-52684
What is 31021132220 (base 4) in base 2?
1101001001011110101000
1240443 (base 7) to base 4
213111012
What is 22228 (base 10) in base 5?
1202403
Convert -2131223303 (base 5) to base 9.
-8512040
Convert -1111100000010000101011 (base 2) to base 14.
-77b231
Convert 110110011101010010 (base 2) to base 8.
663522
-1344004 (base 6) to base 7
-434452
Convert -264100 (base 7) to base 16.
-c121
Convert 1012123033 (base 5) to base 12.
838404
Convert -310220223 (base 4) to base 5.
-23344340
d4450 (base 16) to base 10
869456
Convert 25d9a1 (base 16) to base 2.
1001011101100110100001
Convert 646406 (base 7) to base 16.
1b842
Convert -1011